 Suppose w*m - 6*m = -25. Suppose -3*l = 2*l - m. List the prime factors of l.
5
List the prime factors of 20 + 0 + 2 + (4 - 8).
2, 3
Let q be -5*(-1)/(-2)*-2. Let a = 163 - 43. Suppose 0*w + q*w = a. What are the prime factors of w?
2, 3
Let z = 10 - 4. Let m(h) = -h**2 - 5*h - 5. Let d be m(-5). Let i = z - d. What are the prime factors of i?
11
Suppose 0*j = 5*a - j + 62, 3 = -j. Suppose 2*l = 7*l - 110. Let t = a + l. List the prime factors of t.
3
Suppose -18 = -4*u + 2*m, 5*u - m - 2 = 13. Suppose 42 = -a - u*a. List the prime factors of (5/(-10))/(1/a).
7
Let f = 2 + 4. Suppose y = f + 1. What are the prime factors of y?
7
Suppose 28*y - 23*y = 215. What are the prime factors of y?
43
Let a(z) = -36*z + 3. List the prime factors of a(-5).
3, 61
Suppose 0 = 4*i - f - 17, -3*i = f - 10 - 8. Suppose 172 = i*s - 103. What are the prime factors of s?
5, 11
Suppose 4*g + 7 = -4*a - 5, 12 = -g - 4*a. Suppose 3 + g = -d. What are the prime factors of d*(-3)/3 + 1?
2
Let r be 20/8*16/10. Let n = 33 + -19. Suppose 2 = -r*s + n. List the prime factors of s.
3
Let q be (-32)/(-12)*(-9)/4. Let i be (q/5)/(2/(-5)). Suppose i*v = -2*z - v - 12, 0 = 4*z + 2*v. List the prime factors of z.
2
List the prime factors of -1 - -11 - (0 - 3).
13
Let o be 73/5 - (-16)/40. Let w = -11 + o. What are the prime factors of w?
2
Let v(g) = g**2 - 5*g + 12. What are the prime factors of v(-5)?
2, 31
Let a = 20 + -12. Suppose -s - 5*x + a = 0, 3 = 4*x - 1. Suppose -s*d - 3*i = -45, 3*d - 4*i = 2*d. What are the prime factors of d?
2, 3
Let h = -8 - -10. Suppose 0 = h*f + z - 38, f + 4*z - 42 = -9. List the prime factors of f.
17
Let v = 45 + -51. Let h(n) be the second derivative of -2*n**3/3 - 3*n**2/2 - n. What are the prime factors of h(v)?
3, 7
Let n be (-4)/6 - (-10)/6. Let v = -7 - -7. What are the prime factors of v + (n - -1 - -5)?
7
Let u(f) = 2*f**3 + 4*f**2 - 4*f + 2. Let q be u(2). Suppose -4*o - 3 - 26 = -3*w, 0 = -2*w + o + q. List the prime factors of w.
3, 5
Let t be (0 - 0/2) + -17. Let w = 35 + t. List the prime factors of ((-18)/(-4))/(w/24).
2, 3
Suppose 14 = 2*t - 30. What are the prime factors of t?
2, 11
Suppose 0 = v - 4*v + 60. What are the prime factors of v?
2, 5
Let k(z) = 2*z**2 + 4*z + 6. What are the prime factors of k(-4)?
2, 11
Suppose -f + 17 = p - 9, 4*f - 5*p = 86. Let i = f + -16. List the prime factors of i.
2
Suppose 2*m + 2 = -0. Let n be (-202)/(-6) - m/3. Suppose -x = -5*y + n, -y - 2*y + 17 = -4*x. List the prime factors of y.
7
Let z = 31 - -13. Suppose -z = u - 3*u. Let p = u - 13. List the prime factors of p.
3
Let t(p) = -47*p**3 + 7*p**2 - 9*p + 2. Let v(l) = -24*l**3 + 4*l**2 - 5*l + 1. Let x(a) = -4*t(a) + 7*v(a). List the prime factors of x(1).
2, 5
Let v = 1 - -3. Suppose 109 = v*j - 143. Let x = -44 + j. What are the prime factors of x?
19
Suppose -3*z - 15 = 2*z. Let c(a) = a + 3. Let v be c(z). Suppose 3*w = -v*w + 30. List the prime factors of w.
2, 5
Suppose 2*k = -q + 190 - 34, -k = -4*q - 69. What are the prime factors of k?
7, 11
What are the prime factors of (-16)/4 + 382/2 + 1?
2, 47
Let d = -6 - -8. Suppose -d*o = -5*x + 10, 2*x + o = 3*o + 10. Suppose x = 2*i + i - 24. List the prime factors of i.
2
Let l(c) = 3*c + 5. Let f = 13 + -9. What are the prime factors of l(f)?
17
Let b be 633/33 - 8/44. Let f = b + -2. What are the prime factors of f?
17
Let j(l) = -10*l - 51. What are the prime factors of j(-9)?
3, 13
Let w(d) = 4*d - 3. Let g(s) = -5*s + 6 + 0*s - 3*s - s**2. Let o(y) = -3*g(y) - 7*w(y). List the prime factors of o(2).
7
Suppose 6*u - 20 = 2*u. Let l(i) = -i + 0*i - 2 + u. List the prime factors of l(-4).
7
Let y(z) = 10*z**3 + 1. Let n be y(1). Suppose 4 + n = 5*q. Suppose q*p - 2 = 19. List the prime factors of p.
7
Suppose 9*i - 12*i = -429. List the prime factors of i.
11, 13
Suppose -2*a + 4*d + 222 = 0, -5*a + 5*d + 218 = -3*a. What are the prime factors of a?
7, 17
Let y(w) = -7*w**2 - 2*w + 1. Let n be y(-2). Let c = n - -47. List the prime factors of c.
2, 3
Let x = -6 + 10. Suppose -x*k = -3*u - u - 4, -u = 4*k - 9. Suppose -k*j = -7 - 3. List the prime factors of j.
5
Let y = 1 + 7. Suppose 2*z - y = -4*f, 2*z + 2*z - 16 = 0. Suppose f = 4*u - 0 - 24. What are the prime factors of u?
2, 3
Let u(c) be the second derivative of -c**6/360 - 7*c**5/120 + c**3/3 - c. Let i(m) be the second derivative of u(m). What are the prime factors of i(-5)?
2, 5
Let w(k) = 4*k**3 + 1 - 3*k**3 + 2 + 3*k**2 - 1. List the prime factors of w(-3).
2
Let d(u) = -u**2 + 3*u + 7. Let a be d(5). Let l(i) = i**3 + i**2 - 5*i - 4. Let b be l(a). What are the prime factors of 3/(-5)*(b - -2)?
3
Suppose 5*n = -0*n. Suppose n = d - 18 - 0. List the prime factors of d.
2, 3
Let w = 24 - 20. What are the prime factors of w?
2
Let t(i) = 4*i + 7. List the prime factors of t(8).
3, 13
Let h = 22 + -22. List the prime factors of -2 + 1 + h + 38.
37
Let f(v) = -2*v + 4*v + v**2 - 4*v + 4*v + 1. List the prime factors of f(-4).
3
Let c = 87 + -57. List the prime factors of c.
2, 3, 5
Suppose 0 = -3*u + 4*y - 37, -5 = u - 2*y + 8. Let c = u + 21. What are the prime factors of c?
2, 5
Let k(f) = -169*f. List the prime factors of k(-1).
13
Let c(d) = d**3 + 9*d**2 + 2*d. What are the prime factors of c(-7)?
2, 3, 7
Let z(p) = p**2 - 4*p - 55. What are the prime factors of z(-16)?
5, 53
Let d(h) = h - 1. Let r be d(-1). Let u = -5 - r. List the prime factors of u - (-2 + -2) - -16.
17
Suppose 0 = -3*q - 5*m + 85, 0*q - 3*q + 117 = -3*m. List the prime factors of q.
5, 7
Let q = -5 - -12. Let z(u) = -u**2 + 8*u - 8. Let y be z(6). Let c = y + q. List the prime factors of c.
11
Suppose -2*t + 408 = 6*t. List the prime factors of t.
3, 17
Let u be 2/((-6)/(-9) + 0). Suppose 0 = -u*t + 5*t + 4. List the prime factors of 300/28 - t/7.
11
Let c be 0/((3 + 0)/3). Suppose c = d + 2*g - 16 - 11, 4*g + 33 = d. List the prime factors of d.
29
Suppose 5*j = -4*l - 35, j = 2*l + 2 - 23. Suppose -32 = -2*h - 3*w, -2*h + 9 = -3*w - 47. Let i = j + h. What are the prime factors of i?
11
Let q = 179 + -118. What are the prime factors of q?
61
Let x = 11 + -8. List the prime factors of (34/x)/((-6)/(-9)).
17
Suppose -4*s + 8 = -0*s. List the prime factors of 13 + -2*1/s.
2, 3
Suppose q + 8 = 5*l - 1, -2*q - 9 = -l. Let p be (1/(-3))/(l/(-3)). Let k = 9 + p. What are the prime factors of k?
2, 5
Suppose -2*v = -2*q + 1 + 13, -3*q = 5*v + 11. Suppose q = u - 0. Suppose u*c + 6 = 18. List the prime factors of c.
2
Let w be -2 - (0 + -2 + -4). Suppose -24 = 3*r + 5*k, w*k = 3*r - k - 6. List the prime factors of 1/(-6)*r*6.
3
Let t(u) = 18*u**2 - u. What are the prime factors of t(-2)?
2, 37
Let r(l) = l**3 + 17*l**2 + 15*l - 9. What are the prime factors of r(-16)?
7
Let h be 10/3 - 3/9. Suppose 15 = 3*a - 2*k + 7*k, -4*k + 12 = h*a. List the prime factors of (-8)/(-2) + a/1.
2
Let y = -3 + 17. Suppose 2*x - 10 = -i, 0*x - 2*x = -5*i + y. What are the prime factors of i?
2
What are the prime factors of ((-34)/3)/(2/(-3))?
17
Let d(t) be the second derivative of t**4/12 - 2*t**3 + 19*t**2/2 - 4*t. List the prime factors of d(13).
2
Let p(n) = -n - 9. Let x be p(-6). What are the prime factors of x/(-2)*(-152)/(-6)?
2, 19
Suppose 0 = -3*r + 7 + 2, -h = -3*r - 20. What are the prime factors of h?
29
Let t = 8 + -4. Suppose -11 + 31 = t*s. Suppose -5*d + 3*z = -24, -s = -5*z + 5. List the prime factors of d.
2, 3
Suppose 2*o + 2*o + 16 = 0. Let l = -10 - o. Let t = -1 - l. What are the prime factors of t?
5
Suppose 5*c - 11*c = -72. What are the prime factors of c?
2, 3
Suppose -5*h + 19 = j, 2*j + 3*j + 4*h - 32 = 0. Suppose 2*i - j*r - 3 = 21, 0 = 3*i + 3*r - 54. What are the prime factors of i?
2
What are the prime factors of 63/12 - 2/8?
5
Let n(i) = -i**2 + 6*i - 5. Let b be n(5). List the prime factors of (5 - 2 - b) + 3.
2, 3
Let k(o) = 6*o + 12. Let z be k(-5). Let n = z + 74. List the prime factors of n.
2, 7
Suppose 6 = 4*c + 18. Let k = c + 1. List the prime factors of k/(((-12)/(-27))/(-2)).
3
Let w(d) = -2*d + d**3 + 4 - 2*d**3 - 4*d**2 + 0*d**2 + 7*d. Let k be w(-5). Suppose -k = q - 9. What are the prime factors of q?
5
Let o be (-10*1)/((-2)/(-8)). What are the prime factors of 6/18 + o/(-6)?
7
Suppose 5*b = -h + 6 + 2, 0 = -2*